{"id":5708,"date":"2023-03-06T20:23:26","date_gmt":"2023-03-06T19:23:26","guid":{"rendered":"https:\/\/behinderung-und-flucht.isl-ev.de\/?page_id=5708"},"modified":"2025-03-23T21:11:43","modified_gmt":"2025-03-23T20:11:43","slug":"life-in-bonn","status":"publish","type":"page","link":"https:\/\/behinderung-und-flucht.isl-ev.de\/en\/kulturguide\/bonn\/life-in-bonn\/","title":{"rendered":"Life in Bonn"},"content":{"rendered":"\n<h4 class=\"wp-block-heading has-white-background-color has-background\">The translation is in progress and will be available soon.<\/h4>\n\n\n\n<div id=\"wp-block-themeisle-blocks-accordion-35e4df50\" data-has-schema=\"false\" class=\"wp-block-themeisle-blocks-accordion exclusive has-gap\">\n<details class=\"wp-block-themeisle-blocks-accordion-item\"><summary class=\"wp-block-themeisle-blocks-accordion-item__title\"><h2><strong>Bonn ID card<\/strong><\/h2><\/summary><div class=\"wp-block-themeisle-blocks-accordion-item__content\">\n<p>The Bonn ID card is for people with limited financial resources. With the Bonn ID card, you can receive discounts on certain services or entrance fees in Bonn. To receive a Bonn ID card, you must meet certain requirements. For example, your primary residence must be in Bonn. At the same time, you must prove that you live on limited financial resources. This means you either receive social benefits, e.g., under the Asylum Seekers&#8217; Benefits Act, or you receive basic social security benefits, or you have a low income that does not exceed a certain amount.<\/p>\n\n\n\n<p>You can apply for the Bonn ID card online and by mail.<\/p>\n\n\n\n<p>You can find all further information about the Bonn ID card and how to apply here:<\/p>\n\n\n\n<p><a href=\"https:\/\/www.bonn.de\/vv\/produkte\/Bonn-Ausweis.php\">https:\/\/www.bonn.de\/vv\/produkte\/Bonn-Ausweis.php<\/a><\/p>\n<\/div><\/details>\n\n\n\n<details class=\"wp-block-themeisle-blocks-accordion-item\"><summary class=\"wp-block-themeisle-blocks-accordion-item__title\"><div><strong>Getting around Bonn using public transport<\/strong><\/div><\/summary><div class=\"wp-block-themeisle-blocks-accordion-item__content\">\n<p>The buses and light rail systems in Bonn are part of the Bonn public utility company. The abbreviation for this system is SWB. Tickets for a journey can be purchased at various locations: at ticket machines at many stops and on the light rail systems, in the VRS app, and at various local service points: https:\/\/www.swb-busundbahn.de\/service\/kontakt-und-infos\/verkaufsstellen\/<\/p>\n\n\n\n<p>SWB buses are wheelchair accessible. To board a bus with a wheelchair, you should signal to the bus driver upon arrival. Or press the button with the wheelchair symbol on the second bus door. There is a ramp at this door. The ramp can be folded out by bus staff or other people. This will allow you to board the bus. When the destination stop is announced, press the button with the wheelchair symbol on the bus. This lets the bus driver know that you want to get off at the next stop and that they need to fold out the ramp.<\/p>\n\n\n\n<p>Some bus stops are equipped with information kiosks that announce the next bus routes when a button is pressed.<\/p>\n\n\n\n<p>All SWB buses provide audible announcements of stops.<\/p>\n\n\n\n<p>Not all trams in the SWB area are wheelchair accessible. Accessible stops and trams are marked with a wheelchair symbol on the route maps.<\/p>\n\n\n\n<p>The next stops are announced audibly on all trams and at all tram stops.<\/p>\n\n\n\n<p>All tram stops on lines 16, 18, 63, 66, and 67 have tactile elements. A few stops on lines 61, 62, and 65 are still not equipped with them.<\/p>\n\n\n\n<p>Some elevators leading to the platforms at tram stops have audible floor announcements. However, there is no current overview of broken elevators in the SWB area, nor is there a 24\/7 telephone number to inform about them.<\/p>\n\n\n\n<p>Assistance dogs are permitted on both buses and trains.<\/p>\n\n\n\n<p>All information on accessibility in the VRS area can be found here: https:\/\/www.vrs.de\/fahren\/im-vrs-unterwegs\/barrierefrei-reisen<\/p>\n<\/div><\/details>\n<\/div>\n\n\n\n<div class=\"wp-block-buttons is-horizontal is-content-justification-left is-layout-flex wp-container-core-buttons-is-layout-7e5fce0a wp-block-buttons-is-layout-flex\">\n<div class=\"wp-block-button has-custom-font-size has-small-font-size\"><a class=\"wp-block-button__link has-background wp-element-button\" href=\"https:\/\/behinderung-und-flucht.isl-ev.de\/kulturguide\/bonn\/\" style=\"border-radius:55px;background-color:#91025b;padding-top:var(--wp--preset--spacing--20);padding-right:var(--wp--preset--spacing--20);padding-bottom:var(--wp--preset--spacing--20);padding-left:var(--wp--preset--spacing--20)\">Back to overview<\/a><\/div>\n<\/div>\n","protected":false},"excerpt":{"rendered":"<p>The translation is in progress and will be available soon.<\/p>\n","protected":false},"author":1,"featured_media":0,"parent":4605,"menu_order":0,"comment_status":"closed","ping_status":"closed","template":"","meta":{"ub_ctt_via":"","inline_featured_image":false,"_themeisle_gutenberg_block_has_review":false,"_mc_calendar":[],"footnotes":""},"categories":[],"tags":[],"class_list":["post-5708","page","type-page","status-publish","hentry","entry"],"featured_image_src":null,"yoast_head":"<!-- This site is optimized with the Yoast SEO plugin v21.4 - https:\/\/yoast.com\/wordpress\/plugins\/seo\/ -->\n<title>Life in Bonn - Infoseite der Interessenvertretung Selbstbestimmt Leben in Deutschland e.V.<\/title>\n<meta name=\"robots\" content=\"index, follow, max-snippet:-1, max-image-preview:large, max-video-preview:-1\" \/>\n<link rel=\"canonical\" href=\"https:\/\/behinderung-und-flucht.isl-ev.de\/en\/kulturguide\/bonn\/life-in-bonn\/\" \/>\n<meta property=\"og:locale\" content=\"en_US\" \/>\n<meta property=\"og:type\" content=\"article\" \/>\n<meta property=\"og:title\" content=\"Life in Bonn - Infoseite der Interessenvertretung Selbstbestimmt Leben in Deutschland e.V.\" \/>\n<meta property=\"og:description\" content=\"The translation is in progress and will be available soon.\" \/>\n<meta property=\"og:url\" content=\"https:\/\/behinderung-und-flucht.isl-ev.de\/en\/kulturguide\/bonn\/life-in-bonn\/\" \/>\n<meta property=\"og:site_name\" content=\"Infoseite der Interessenvertretung Selbstbestimmt Leben in Deutschland e.V.\" \/>\n<meta property=\"article:modified_time\" content=\"2025-03-23T20:11:43+00:00\" \/>\n<meta name=\"twitter:card\" content=\"summary_large_image\" \/>\n<meta name=\"twitter:label1\" content=\"Est. reading time\" \/>\n\t<meta name=\"twitter:data1\" content=\"3 minutes\" \/>\n<script type=\"application\/ld+json\" class=\"yoast-schema-graph\">{\"@context\":\"https:\/\/schema.org\",\"@graph\":[{\"@type\":\"WebPage\",\"@id\":\"https:\/\/behinderung-und-flucht.isl-ev.de\/en\/kulturguide\/bonn\/life-in-bonn\/\",\"url\":\"https:\/\/behinderung-und-flucht.isl-ev.de\/en\/kulturguide\/bonn\/life-in-bonn\/\",\"name\":\"Life in Bonn - Infoseite der Interessenvertretung Selbstbestimmt Leben in Deutschland e.V.\",\"isPartOf\":{\"@id\":\"https:\/\/behinderung-und-flucht.isl-ev.de\/en\/#website\"},\"datePublished\":\"2023-03-06T19:23:26+00:00\",\"dateModified\":\"2025-03-23T20:11:43+00:00\",\"breadcrumb\":{\"@id\":\"https:\/\/behinderung-und-flucht.isl-ev.de\/en\/kulturguide\/bonn\/life-in-bonn\/#breadcrumb\"},\"inLanguage\":\"en-US\",\"potentialAction\":[{\"@type\":\"ReadAction\",\"target\":[\"https:\/\/behinderung-und-flucht.isl-ev.de\/en\/kulturguide\/bonn\/life-in-bonn\/\"]}]},{\"@type\":\"BreadcrumbList\",\"@id\":\"https:\/\/behinderung-und-flucht.isl-ev.de\/en\/kulturguide\/bonn\/life-in-bonn\/#breadcrumb\",\"itemListElement\":[{\"@type\":\"ListItem\",\"position\":1,\"name\":\"Startseite\",\"item\":\"https:\/\/behinderung-und-flucht.isl-ev.de\/en\/\"},{\"@type\":\"ListItem\",\"position\":2,\"name\":\"Cultural Guide\",\"item\":\"https:\/\/behinderung-und-flucht.isl-ev.de\/en\/kulturguide\/\"},{\"@type\":\"ListItem\",\"position\":3,\"name\":\"Bonn\",\"item\":\"https:\/\/behinderung-und-flucht.isl-ev.de\/en\/kulturguide\/bonn\/\"},{\"@type\":\"ListItem\",\"position\":4,\"name\":\"Life in Bonn\"}]},{\"@type\":\"WebSite\",\"@id\":\"https:\/\/behinderung-und-flucht.isl-ev.de\/en\/#website\",\"url\":\"https:\/\/behinderung-und-flucht.isl-ev.de\/en\/\",\"name\":\"Infoseite f\u00fcr gefl\u00fcchtete Menschen mit Behinderungen oder chronischen Erkrankungen\",\"description\":\"Informationen f\u00fcr gefl\u00fcchtete Menschen mit Behinderungen oder chronischen Erkrankungen\",\"publisher\":{\"@id\":\"https:\/\/behinderung-und-flucht.isl-ev.de\/en\/#organization\"},\"alternateName\":\"Infoseite f\u00fcr gefl\u00fcchtete Menschen mit Behinderungen\",\"potentialAction\":[{\"@type\":\"SearchAction\",\"target\":{\"@type\":\"EntryPoint\",\"urlTemplate\":\"https:\/\/behinderung-und-flucht.isl-ev.de\/en\/?s={search_term_string}\"},\"query-input\":\"required name=search_term_string\"}],\"inLanguage\":\"en-US\"},{\"@type\":\"Organization\",\"@id\":\"https:\/\/behinderung-und-flucht.isl-ev.de\/en\/#organization\",\"name\":\"Infoseite der Interessenvertretung Selbstbestimmt Leben in Deutschland e.V.\",\"url\":\"https:\/\/behinderung-und-flucht.isl-ev.de\/en\/\",\"logo\":{\"@type\":\"ImageObject\",\"inLanguage\":\"en-US\",\"@id\":\"https:\/\/behinderung-und-flucht.isl-ev.de\/en\/#\/schema\/logo\/image\/\",\"url\":\"https:\/\/behinderung-und-flucht.isl-ev.de\/wp-content\/uploads\/2022\/09\/logo-infoseite-04.svg\",\"contentUrl\":\"https:\/\/behinderung-und-flucht.isl-ev.de\/wp-content\/uploads\/2022\/09\/logo-infoseite-04.svg\",\"caption\":\"Infoseite der Interessenvertretung Selbstbestimmt Leben in Deutschland e.V.\"},\"image\":{\"@id\":\"https:\/\/behinderung-und-flucht.isl-ev.de\/en\/#\/schema\/logo\/image\/\"}}]}<\/script>\n<!-- \/ Yoast SEO plugin. -->","yoast_head_json":{"title":"Life in Bonn - Infoseite der Interessenvertretung Selbstbestimmt Leben in Deutschland e.V.","robots":{"index":"index","follow":"follow","max-snippet":"max-snippet:-1","max-image-preview":"max-image-preview:large","max-video-preview":"max-video-preview:-1"},"canonical":"https:\/\/behinderung-und-flucht.isl-ev.de\/en\/kulturguide\/bonn\/life-in-bonn\/","og_locale":"en_US","og_type":"article","og_title":"Life in Bonn - Infoseite der Interessenvertretung Selbstbestimmt Leben in Deutschland e.V.","og_description":"The translation is in progress and will be available soon.","og_url":"https:\/\/behinderung-und-flucht.isl-ev.de\/en\/kulturguide\/bonn\/life-in-bonn\/","og_site_name":"Infoseite der Interessenvertretung Selbstbestimmt Leben in Deutschland e.V.","article_modified_time":"2025-03-23T20:11:43+00:00","twitter_card":"summary_large_image","twitter_misc":{"Est. reading time":"3 minutes"},"schema":{"@context":"https:\/\/schema.org","@graph":[{"@type":"WebPage","@id":"https:\/\/behinderung-und-flucht.isl-ev.de\/en\/kulturguide\/bonn\/life-in-bonn\/","url":"https:\/\/behinderung-und-flucht.isl-ev.de\/en\/kulturguide\/bonn\/life-in-bonn\/","name":"Life in Bonn - Infoseite der Interessenvertretung Selbstbestimmt Leben in Deutschland e.V.","isPartOf":{"@id":"https:\/\/behinderung-und-flucht.isl-ev.de\/en\/#website"},"datePublished":"2023-03-06T19:23:26+00:00","dateModified":"2025-03-23T20:11:43+00:00","breadcrumb":{"@id":"https:\/\/behinderung-und-flucht.isl-ev.de\/en\/kulturguide\/bonn\/life-in-bonn\/#breadcrumb"},"inLanguage":"en-US","potentialAction":[{"@type":"ReadAction","target":["https:\/\/behinderung-und-flucht.isl-ev.de\/en\/kulturguide\/bonn\/life-in-bonn\/"]}]},{"@type":"BreadcrumbList","@id":"https:\/\/behinderung-und-flucht.isl-ev.de\/en\/kulturguide\/bonn\/life-in-bonn\/#breadcrumb","itemListElement":[{"@type":"ListItem","position":1,"name":"Startseite","item":"https:\/\/behinderung-und-flucht.isl-ev.de\/en\/"},{"@type":"ListItem","position":2,"name":"Cultural Guide","item":"https:\/\/behinderung-und-flucht.isl-ev.de\/en\/kulturguide\/"},{"@type":"ListItem","position":3,"name":"Bonn","item":"https:\/\/behinderung-und-flucht.isl-ev.de\/en\/kulturguide\/bonn\/"},{"@type":"ListItem","position":4,"name":"Life in Bonn"}]},{"@type":"WebSite","@id":"https:\/\/behinderung-und-flucht.isl-ev.de\/en\/#website","url":"https:\/\/behinderung-und-flucht.isl-ev.de\/en\/","name":"Infoseite f\u00fcr gefl\u00fcchtete Menschen mit Behinderungen oder chronischen Erkrankungen","description":"Informationen f\u00fcr gefl\u00fcchtete Menschen mit Behinderungen oder chronischen Erkrankungen","publisher":{"@id":"https:\/\/behinderung-und-flucht.isl-ev.de\/en\/#organization"},"alternateName":"Infoseite f\u00fcr gefl\u00fcchtete Menschen mit Behinderungen","potentialAction":[{"@type":"SearchAction","target":{"@type":"EntryPoint","urlTemplate":"https:\/\/behinderung-und-flucht.isl-ev.de\/en\/?s={search_term_string}"},"query-input":"required name=search_term_string"}],"inLanguage":"en-US"},{"@type":"Organization","@id":"https:\/\/behinderung-und-flucht.isl-ev.de\/en\/#organization","name":"Infoseite der Interessenvertretung Selbstbestimmt Leben in Deutschland e.V.","url":"https:\/\/behinderung-und-flucht.isl-ev.de\/en\/","logo":{"@type":"ImageObject","inLanguage":"en-US","@id":"https:\/\/behinderung-und-flucht.isl-ev.de\/en\/#\/schema\/logo\/image\/","url":"https:\/\/behinderung-und-flucht.isl-ev.de\/wp-content\/uploads\/2022\/09\/logo-infoseite-04.svg","contentUrl":"https:\/\/behinderung-und-flucht.isl-ev.de\/wp-content\/uploads\/2022\/09\/logo-infoseite-04.svg","caption":"Infoseite der Interessenvertretung Selbstbestimmt Leben in Deutschland e.V."},"image":{"@id":"https:\/\/behinderung-und-flucht.isl-ev.de\/en\/#\/schema\/logo\/image\/"}}]}},"_links":{"self":[{"href":"https:\/\/behinderung-und-flucht.isl-ev.de\/en\/wp-json\/wp\/v2\/pages\/5708","targetHints":{"allow":["GET"]}}],"collection":[{"href":"https:\/\/behinderung-und-flucht.isl-ev.de\/en\/wp-json\/wp\/v2\/pages"}],"about":[{"href":"https:\/\/behinderung-und-flucht.isl-ev.de\/en\/wp-json\/wp\/v2\/types\/page"}],"author":[{"embeddable":true,"href":"https:\/\/behinderung-und-flucht.isl-ev.de\/en\/wp-json\/wp\/v2\/users\/1"}],"replies":[{"embeddable":true,"href":"https:\/\/behinderung-und-flucht.isl-ev.de\/en\/wp-json\/wp\/v2\/comments?post=5708"}],"version-history":[{"count":1,"href":"https:\/\/behinderung-und-flucht.isl-ev.de\/en\/wp-json\/wp\/v2\/pages\/5708\/revisions"}],"predecessor-version":[{"id":5709,"href":"https:\/\/behinderung-und-flucht.isl-ev.de\/en\/wp-json\/wp\/v2\/pages\/5708\/revisions\/5709"}],"up":[{"embeddable":true,"href":"https:\/\/behinderung-und-flucht.isl-ev.de\/en\/wp-json\/wp\/v2\/pages\/4605"}],"wp:attachment":[{"href":"https:\/\/behinderung-und-flucht.isl-ev.de\/en\/wp-json\/wp\/v2\/media?parent=5708"}],"wp:term":[{"taxonomy":"category","embeddable":true,"href":"https:\/\/behinderung-und-flucht.isl-ev.de\/en\/wp-json\/wp\/v2\/categories?post=5708"},{"taxonomy":"post_tag","embeddable":true,"href":"https:\/\/behinderung-und-flucht.isl-ev.de\/en\/wp-json\/wp\/v2\/tags?post=5708"}],"curies":[{"name":"wp","href":"https:\/\/api.w.org\/{rel}","templated":true}]}}

<!-- This site is optimized with the Yoast SEO plugin v21.4 - https://yoast.com/wordpress/plugins/seo/ -->
<title>Life in Bonn - Infoseite der Interessenvertretung Selbstbestimmt Leben in Deutschland e.V.</title>
<meta name="robots" content="index, follow, max-snippet:-1, max-image-preview:large, max-video-preview:-1" />
<link rel="canonical" href="https://behinderung-und-flucht.isl-ev.de/en/kulturguide/bonn/life-in-bonn/" />
<meta property="og:locale" content="en_US" />
<meta property="og:type" content="article" />
<meta property="og:title" content="Life in Bonn - Infoseite der Interessenvertretung Selbstbestimmt Leben in Deutschland e.V." />
<meta property="og:description" content="The translation is in progress and will be available soon." />
<meta property="og:url" content="https://behinderung-und-flucht.isl-ev.de/en/kulturguide/bonn/life-in-bonn/" />
<meta property="og:site_name" content="Infoseite der Interessenvertretung Selbstbestimmt Leben in Deutschland e.V." />
<meta property="article:modified_time" content="2025-03-23T20:11:43+00:00" />
<meta name="twitter:card" content="summary_large_image" />
<meta name="twitter:label1" content="Est. reading time" />
	<meta name="twitter:data1" content="3 minutes" />
<script type="application/ld+json" class="yoast-schema-graph">{"@context":"https://schema.org","@graph":[{"@type":"WebPage","@id":"https://behinderung-und-flucht.isl-ev.de/en/kulturguide/bonn/life-in-bonn/","url":"https://behinderung-und-flucht.isl-ev.de/en/kulturguide/bonn/life-in-bonn/","name":"Life in Bonn - Infoseite der Interessenvertretung Selbstbestimmt Leben in Deutschland e.V.","isPartOf":{"@id":"https://behinderung-und-flucht.isl-ev.de/en/#website"},"datePublished":"2023-03-06T19:23:26+00:00","dateModified":"2025-03-23T20:11:43+00:00","breadcrumb":{"@id":"https://behinderung-und-flucht.isl-ev.de/en/kulturguide/bonn/life-in-bonn/#breadcrumb"},"inLanguage":"en-US","potentialAction":[{"@type":"ReadAction","target":["https://behinderung-und-flucht.isl-ev.de/en/kulturguide/bonn/life-in-bonn/"]}]},{"@type":"BreadcrumbList","@id":"https://behinderung-und-flucht.isl-ev.de/en/kulturguide/bonn/life-in-bonn/#breadcrumb","itemListElement":[{"@type":"ListItem","position":1,"name":"Startseite","item":"https://behinderung-und-flucht.isl-ev.de/en/"},{"@type":"ListItem","position":2,"name":"Cultural Guide","item":"https://behinderung-und-flucht.isl-ev.de/en/kulturguide/"},{"@type":"ListItem","position":3,"name":"Bonn","item":"https://behinderung-und-flucht.isl-ev.de/en/kulturguide/bonn/"},{"@type":"ListItem","position":4,"name":"Life in Bonn"}]},{"@type":"WebSite","@id":"https://behinderung-und-flucht.isl-ev.de/en/#website","url":"https://behinderung-und-flucht.isl-ev.de/en/","name":"Infoseite für geflüchtete Menschen mit Behinderungen oder chronischen Erkrankungen","description":"Informationen für geflüchtete Menschen mit Behinderungen oder chronischen Erkrankungen","publisher":{"@id":"https://behinderung-und-flucht.isl-ev.de/en/#organization"},"alternateName":"Infoseite für geflüchtete Menschen mit Behinderungen","potentialAction":[{"@type":"SearchAction","target":{"@type":"EntryPoint","urlTemplate":"https://behinderung-und-flucht.isl-ev.de/en/?s={search_term_string}"},"query-input":"required name=search_term_string"}],"inLanguage":"en-US"},{"@type":"Organization","@id":"https://behinderung-und-flucht.isl-ev.de/en/#organization","name":"Infoseite der Interessenvertretung Selbstbestimmt Leben in Deutschland e.V.","url":"https://behinderung-und-flucht.isl-ev.de/en/","logo":{"@type":"ImageObject","inLanguage":"en-US","@id":"https://behinderung-und-flucht.isl-ev.de/en/#/schema/logo/image/","url":"https://behinderung-und-flucht.isl-ev.de/wp-content/uploads/2022/09/logo-infoseite-04.svg","contentUrl":"https://behinderung-und-flucht.isl-ev.de/wp-content/uploads/2022/09/logo-infoseite-04.svg","caption":"Infoseite der Interessenvertretung Selbstbestimmt Leben in Deutschland e.V."},"image":{"@id":"https://behinderung-und-flucht.isl-ev.de/en/#/schema/logo/image/"}}]}</script>
<!-- / Yoast SEO plugin. -->

Infoseite für geflüchtete Menschen mit Behinderungen oder chronischen Erkrankungen

Informationen für geflüchtete Menschen mit Behinderungen oder chronischen Erkrankungen

Infoseite für geflüchtete Menschen mit Behinderungen
