{"id":2122,"date":"2022-11-15T19:20:56","date_gmt":"2022-11-15T18:20:56","guid":{"rendered":"https:\/\/behinderung-und-flucht.isl-ev.de\/?page_id=2122"},"modified":"2022-11-15T19:30:32","modified_gmt":"2022-11-15T18:30:32","slug":"about-the-project","status":"publish","type":"page","link":"https:\/\/behinderung-und-flucht.isl-ev.de\/en\/selbstvertretung-2\/about-the-project\/","title":{"rendered":"About the project"},"content":{"rendered":"\n<p><strong>What is the project &#8220;We for us! Self-advocacy of Refugees with Disabilities and\/or Chronic Illnesses in Germany.&#8221;?<\/strong><\/p>\n\n\n\n<p>In this project, refugee people with disabilities and\/or chronic illnesses are invited to get to know each other and talk to each other in order to help each other with their experiences. Often, people with disabilities and refugee experiences are spread out in Germany and do not have the opportunity to meet regularly with others who have similar concerns and understand them. With the weekly groups there is the possibility to talk every week with people who have similar experiences and not feel alone.<\/p>\n\n\n\n<p>In the group it is then possible to say what is needed, what problems exist and the other participants but also we as ISL can support to find ways and solutions. If, for example, it turns out that there are many open questions about the possibilities of care in the case of disabilities, we can plan an event at which reports are given on this and questions can be asked on this topic. We can also invite individuals to meetings who can then answer questions. It is important here that the refugees themselves can decide together what they need and help themselves and not other people dictate the offer. All people who are affected and also caring relatives or parents of children with disabilities can participate. If it turns out that other Zoom groups are desired, we can also offer groups on other days. We can talk about that in the groups.<\/p>\n","protected":false},"excerpt":{"rendered":"<p>What is the project &#8220;We for us! Self-advocacy of Refugees with Disabilities and\/or Chronic Illnesses in Germany.&#8221;? In this project, refugee people with disabilities and\/or chronic illnesses are invited to get to know each other and talk to each other in order to help each other with their experiences. Often, people with disabilities and refugee&hellip; <a class=\"more-link\" href=\"https:\/\/behinderung-und-flucht.isl-ev.de\/en\/selbstvertretung-2\/about-the-project\/\">Continue reading <span class=\"screen-reader-text\">About the project<\/span><\/a><\/p>\n","protected":false},"author":1,"featured_media":0,"parent":1385,"menu_order":0,"comment_status":"closed","ping_status":"closed","template":"","meta":{"ub_ctt_via":"","inline_featured_image":false,"_themeisle_gutenberg_block_has_review":false,"_mc_calendar":[],"footnotes":""},"categories":[],"tags":[],"class_list":["post-2122","page","type-page","status-publish","hentry","entry"],"featured_image_src":null,"yoast_head":"<!-- This site is optimized with the Yoast SEO plugin v21.4 - https:\/\/yoast.com\/wordpress\/plugins\/seo\/ -->\n<title>About the project - Infoseite der Interessenvertretung Selbstbestimmt Leben in Deutschland e.V.<\/title>\n<meta name=\"robots\" content=\"index, follow, max-snippet:-1, max-image-preview:large, max-video-preview:-1\" \/>\n<link rel=\"canonical\" href=\"https:\/\/behinderung-und-flucht.isl-ev.de\/en\/selbstvertretung-2\/about-the-project\/\" \/>\n<meta property=\"og:locale\" content=\"en_US\" \/>\n<meta property=\"og:type\" content=\"article\" \/>\n<meta property=\"og:title\" content=\"About the project - Infoseite der Interessenvertretung Selbstbestimmt Leben in Deutschland e.V.\" \/>\n<meta property=\"og:description\" content=\"What is the project &#8220;We for us! Self-advocacy of Refugees with Disabilities and\/or Chronic Illnesses in Germany.&#8221;? In this project, refugee people with disabilities and\/or chronic illnesses are invited to get to know each other and talk to each other in order to help each other with their experiences. Often, people with disabilities and refugee&hellip; Continue reading About the project\" \/>\n<meta property=\"og:url\" content=\"https:\/\/behinderung-und-flucht.isl-ev.de\/en\/selbstvertretung-2\/about-the-project\/\" \/>\n<meta property=\"og:site_name\" content=\"Infoseite der Interessenvertretung Selbstbestimmt Leben in Deutschland e.V.\" \/>\n<meta property=\"article:modified_time\" content=\"2022-11-15T18:30:32+00:00\" \/>\n<meta name=\"twitter:card\" content=\"summary_large_image\" \/>\n<meta name=\"twitter:label1\" content=\"Est. reading time\" \/>\n\t<meta name=\"twitter:data1\" content=\"2 minutes\" \/>\n<script type=\"application\/ld+json\" class=\"yoast-schema-graph\">{\"@context\":\"https:\/\/schema.org\",\"@graph\":[{\"@type\":\"WebPage\",\"@id\":\"https:\/\/behinderung-und-flucht.isl-ev.de\/en\/selbstvertretung-2\/about-the-project\/\",\"url\":\"https:\/\/behinderung-und-flucht.isl-ev.de\/en\/selbstvertretung-2\/about-the-project\/\",\"name\":\"About the project - Infoseite der Interessenvertretung Selbstbestimmt Leben in Deutschland e.V.\",\"isPartOf\":{\"@id\":\"https:\/\/behinderung-und-flucht.isl-ev.de\/en\/#website\"},\"datePublished\":\"2022-11-15T18:20:56+00:00\",\"dateModified\":\"2022-11-15T18:30:32+00:00\",\"breadcrumb\":{\"@id\":\"https:\/\/behinderung-und-flucht.isl-ev.de\/en\/selbstvertretung-2\/about-the-project\/#breadcrumb\"},\"inLanguage\":\"en-US\",\"potentialAction\":[{\"@type\":\"ReadAction\",\"target\":[\"https:\/\/behinderung-und-flucht.isl-ev.de\/en\/selbstvertretung-2\/about-the-project\/\"]}]},{\"@type\":\"BreadcrumbList\",\"@id\":\"https:\/\/behinderung-und-flucht.isl-ev.de\/en\/selbstvertretung-2\/about-the-project\/#breadcrumb\",\"itemListElement\":[{\"@type\":\"ListItem\",\"position\":1,\"name\":\"Startseite\",\"item\":\"https:\/\/behinderung-und-flucht.isl-ev.de\/en\/\"},{\"@type\":\"ListItem\",\"position\":2,\"name\":\"Self-representation\",\"item\":\"https:\/\/behinderung-und-flucht.isl-ev.de\/en\/selbstvertretung-2\/\"},{\"@type\":\"ListItem\",\"position\":3,\"name\":\"About the project\"}]},{\"@type\":\"WebSite\",\"@id\":\"https:\/\/behinderung-und-flucht.isl-ev.de\/en\/#website\",\"url\":\"https:\/\/behinderung-und-flucht.isl-ev.de\/en\/\",\"name\":\"Infoseite f\u00fcr gefl\u00fcchtete Menschen mit Behinderungen oder chronischen Erkrankungen\",\"description\":\"Informationen f\u00fcr gefl\u00fcchtete Menschen mit Behinderungen oder chronischen Erkrankungen\",\"publisher\":{\"@id\":\"https:\/\/behinderung-und-flucht.isl-ev.de\/en\/#organization\"},\"alternateName\":\"Infoseite f\u00fcr gefl\u00fcchtete Menschen mit Behinderungen\",\"potentialAction\":[{\"@type\":\"SearchAction\",\"target\":{\"@type\":\"EntryPoint\",\"urlTemplate\":\"https:\/\/behinderung-und-flucht.isl-ev.de\/en\/?s={search_term_string}\"},\"query-input\":\"required name=search_term_string\"}],\"inLanguage\":\"en-US\"},{\"@type\":\"Organization\",\"@id\":\"https:\/\/behinderung-und-flucht.isl-ev.de\/en\/#organization\",\"name\":\"Infoseite der Interessenvertretung Selbstbestimmt Leben in Deutschland e.V.\",\"url\":\"https:\/\/behinderung-und-flucht.isl-ev.de\/en\/\",\"logo\":{\"@type\":\"ImageObject\",\"inLanguage\":\"en-US\",\"@id\":\"https:\/\/behinderung-und-flucht.isl-ev.de\/en\/#\/schema\/logo\/image\/\",\"url\":\"https:\/\/behinderung-und-flucht.isl-ev.de\/wp-content\/uploads\/2022\/09\/logo-infoseite-04.svg\",\"contentUrl\":\"https:\/\/behinderung-und-flucht.isl-ev.de\/wp-content\/uploads\/2022\/09\/logo-infoseite-04.svg\",\"caption\":\"Infoseite der Interessenvertretung Selbstbestimmt Leben in Deutschland e.V.\"},\"image\":{\"@id\":\"https:\/\/behinderung-und-flucht.isl-ev.de\/en\/#\/schema\/logo\/image\/\"}}]}<\/script>\n<!-- \/ Yoast SEO plugin. -->","yoast_head_json":{"title":"About the project - Infoseite der Interessenvertretung Selbstbestimmt Leben in Deutschland e.V.","robots":{"index":"index","follow":"follow","max-snippet":"max-snippet:-1","max-image-preview":"max-image-preview:large","max-video-preview":"max-video-preview:-1"},"canonical":"https:\/\/behinderung-und-flucht.isl-ev.de\/en\/selbstvertretung-2\/about-the-project\/","og_locale":"en_US","og_type":"article","og_title":"About the project - Infoseite der Interessenvertretung Selbstbestimmt Leben in Deutschland e.V.","og_description":"What is the project &#8220;We for us! Self-advocacy of Refugees with Disabilities and\/or Chronic Illnesses in Germany.&#8221;? In this project, refugee people with disabilities and\/or chronic illnesses are invited to get to know each other and talk to each other in order to help each other with their experiences. Often, people with disabilities and refugee&hellip; Continue reading About the project","og_url":"https:\/\/behinderung-und-flucht.isl-ev.de\/en\/selbstvertretung-2\/about-the-project\/","og_site_name":"Infoseite der Interessenvertretung Selbstbestimmt Leben in Deutschland e.V.","article_modified_time":"2022-11-15T18:30:32+00:00","twitter_card":"summary_large_image","twitter_misc":{"Est. reading time":"2 minutes"},"schema":{"@context":"https:\/\/schema.org","@graph":[{"@type":"WebPage","@id":"https:\/\/behinderung-und-flucht.isl-ev.de\/en\/selbstvertretung-2\/about-the-project\/","url":"https:\/\/behinderung-und-flucht.isl-ev.de\/en\/selbstvertretung-2\/about-the-project\/","name":"About the project - Infoseite der Interessenvertretung Selbstbestimmt Leben in Deutschland e.V.","isPartOf":{"@id":"https:\/\/behinderung-und-flucht.isl-ev.de\/en\/#website"},"datePublished":"2022-11-15T18:20:56+00:00","dateModified":"2022-11-15T18:30:32+00:00","breadcrumb":{"@id":"https:\/\/behinderung-und-flucht.isl-ev.de\/en\/selbstvertretung-2\/about-the-project\/#breadcrumb"},"inLanguage":"en-US","potentialAction":[{"@type":"ReadAction","target":["https:\/\/behinderung-und-flucht.isl-ev.de\/en\/selbstvertretung-2\/about-the-project\/"]}]},{"@type":"BreadcrumbList","@id":"https:\/\/behinderung-und-flucht.isl-ev.de\/en\/selbstvertretung-2\/about-the-project\/#breadcrumb","itemListElement":[{"@type":"ListItem","position":1,"name":"Startseite","item":"https:\/\/behinderung-und-flucht.isl-ev.de\/en\/"},{"@type":"ListItem","position":2,"name":"Self-representation","item":"https:\/\/behinderung-und-flucht.isl-ev.de\/en\/selbstvertretung-2\/"},{"@type":"ListItem","position":3,"name":"About the project"}]},{"@type":"WebSite","@id":"https:\/\/behinderung-und-flucht.isl-ev.de\/en\/#website","url":"https:\/\/behinderung-und-flucht.isl-ev.de\/en\/","name":"Infoseite f\u00fcr gefl\u00fcchtete Menschen mit Behinderungen oder chronischen Erkrankungen","description":"Informationen f\u00fcr gefl\u00fcchtete Menschen mit Behinderungen oder chronischen Erkrankungen","publisher":{"@id":"https:\/\/behinderung-und-flucht.isl-ev.de\/en\/#organization"},"alternateName":"Infoseite f\u00fcr gefl\u00fcchtete Menschen mit Behinderungen","potentialAction":[{"@type":"SearchAction","target":{"@type":"EntryPoint","urlTemplate":"https:\/\/behinderung-und-flucht.isl-ev.de\/en\/?s={search_term_string}"},"query-input":"required name=search_term_string"}],"inLanguage":"en-US"},{"@type":"Organization","@id":"https:\/\/behinderung-und-flucht.isl-ev.de\/en\/#organization","name":"Infoseite der Interessenvertretung Selbstbestimmt Leben in Deutschland e.V.","url":"https:\/\/behinderung-und-flucht.isl-ev.de\/en\/","logo":{"@type":"ImageObject","inLanguage":"en-US","@id":"https:\/\/behinderung-und-flucht.isl-ev.de\/en\/#\/schema\/logo\/image\/","url":"https:\/\/behinderung-und-flucht.isl-ev.de\/wp-content\/uploads\/2022\/09\/logo-infoseite-04.svg","contentUrl":"https:\/\/behinderung-und-flucht.isl-ev.de\/wp-content\/uploads\/2022\/09\/logo-infoseite-04.svg","caption":"Infoseite der Interessenvertretung Selbstbestimmt Leben in Deutschland e.V."},"image":{"@id":"https:\/\/behinderung-und-flucht.isl-ev.de\/en\/#\/schema\/logo\/image\/"}}]}},"_links":{"self":[{"href":"https:\/\/behinderung-und-flucht.isl-ev.de\/en\/wp-json\/wp\/v2\/pages\/2122","targetHints":{"allow":["GET"]}}],"collection":[{"href":"https:\/\/behinderung-und-flucht.isl-ev.de\/en\/wp-json\/wp\/v2\/pages"}],"about":[{"href":"https:\/\/behinderung-und-flucht.isl-ev.de\/en\/wp-json\/wp\/v2\/types\/page"}],"author":[{"embeddable":true,"href":"https:\/\/behinderung-und-flucht.isl-ev.de\/en\/wp-json\/wp\/v2\/users\/1"}],"replies":[{"embeddable":true,"href":"https:\/\/behinderung-und-flucht.isl-ev.de\/en\/wp-json\/wp\/v2\/comments?post=2122"}],"version-history":[{"count":2,"href":"https:\/\/behinderung-und-flucht.isl-ev.de\/en\/wp-json\/wp\/v2\/pages\/2122\/revisions"}],"predecessor-version":[{"id":2133,"href":"https:\/\/behinderung-und-flucht.isl-ev.de\/en\/wp-json\/wp\/v2\/pages\/2122\/revisions\/2133"}],"up":[{"embeddable":true,"href":"https:\/\/behinderung-und-flucht.isl-ev.de\/en\/wp-json\/wp\/v2\/pages\/1385"}],"wp:attachment":[{"href":"https:\/\/behinderung-und-flucht.isl-ev.de\/en\/wp-json\/wp\/v2\/media?parent=2122"}],"wp:term":[{"taxonomy":"category","embeddable":true,"href":"https:\/\/behinderung-und-flucht.isl-ev.de\/en\/wp-json\/wp\/v2\/categories?post=2122"},{"taxonomy":"post_tag","embeddable":true,"href":"https:\/\/behinderung-und-flucht.isl-ev.de\/en\/wp-json\/wp\/v2\/tags?post=2122"}],"curies":[{"name":"wp","href":"https:\/\/api.w.org\/{rel}","templated":true}]}}

<!-- This site is optimized with the Yoast SEO plugin v21.4 - https://yoast.com/wordpress/plugins/seo/ -->
<title>About the project - Infoseite der Interessenvertretung Selbstbestimmt Leben in Deutschland e.V.</title>
<meta name="robots" content="index, follow, max-snippet:-1, max-image-preview:large, max-video-preview:-1" />
<link rel="canonical" href="https://behinderung-und-flucht.isl-ev.de/en/selbstvertretung-2/about-the-project/" />
<meta property="og:locale" content="en_US" />
<meta property="og:type" content="article" />
<meta property="og:title" content="About the project - Infoseite der Interessenvertretung Selbstbestimmt Leben in Deutschland e.V." />
<meta property="og:description" content="What is the project &#8220;We for us! Self-advocacy of Refugees with Disabilities and/or Chronic Illnesses in Germany.&#8221;? In this project, refugee people with disabilities and/or chronic illnesses are invited to get to know each other and talk to each other in order to help each other with their experiences. Often, people with disabilities and refugee&hellip; Continue reading About the project" />
<meta property="og:url" content="https://behinderung-und-flucht.isl-ev.de/en/selbstvertretung-2/about-the-project/" />
<meta property="og:site_name" content="Infoseite der Interessenvertretung Selbstbestimmt Leben in Deutschland e.V." />
<meta property="article:modified_time" content="2022-11-15T18:30:32+00:00" />
<meta name="twitter:card" content="summary_large_image" />
<meta name="twitter:label1" content="Est. reading time" />
	<meta name="twitter:data1" content="2 minutes" />
<script type="application/ld+json" class="yoast-schema-graph">{"@context":"https://schema.org","@graph":[{"@type":"WebPage","@id":"https://behinderung-und-flucht.isl-ev.de/en/selbstvertretung-2/about-the-project/","url":"https://behinderung-und-flucht.isl-ev.de/en/selbstvertretung-2/about-the-project/","name":"About the project - Infoseite der Interessenvertretung Selbstbestimmt Leben in Deutschland e.V.","isPartOf":{"@id":"https://behinderung-und-flucht.isl-ev.de/en/#website"},"datePublished":"2022-11-15T18:20:56+00:00","dateModified":"2022-11-15T18:30:32+00:00","breadcrumb":{"@id":"https://behinderung-und-flucht.isl-ev.de/en/selbstvertretung-2/about-the-project/#breadcrumb"},"inLanguage":"en-US","potentialAction":[{"@type":"ReadAction","target":["https://behinderung-und-flucht.isl-ev.de/en/selbstvertretung-2/about-the-project/"]}]},{"@type":"BreadcrumbList","@id":"https://behinderung-und-flucht.isl-ev.de/en/selbstvertretung-2/about-the-project/#breadcrumb","itemListElement":[{"@type":"ListItem","position":1,"name":"Startseite","item":"https://behinderung-und-flucht.isl-ev.de/en/"},{"@type":"ListItem","position":2,"name":"Self-representation","item":"https://behinderung-und-flucht.isl-ev.de/en/selbstvertretung-2/"},{"@type":"ListItem","position":3,"name":"About the project"}]},{"@type":"WebSite","@id":"https://behinderung-und-flucht.isl-ev.de/en/#website","url":"https://behinderung-und-flucht.isl-ev.de/en/","name":"Infoseite für geflüchtete Menschen mit Behinderungen oder chronischen Erkrankungen","description":"Informationen für geflüchtete Menschen mit Behinderungen oder chronischen Erkrankungen","publisher":{"@id":"https://behinderung-und-flucht.isl-ev.de/en/#organization"},"alternateName":"Infoseite für geflüchtete Menschen mit Behinderungen","potentialAction":[{"@type":"SearchAction","target":{"@type":"EntryPoint","urlTemplate":"https://behinderung-und-flucht.isl-ev.de/en/?s={search_term_string}"},"query-input":"required name=search_term_string"}],"inLanguage":"en-US"},{"@type":"Organization","@id":"https://behinderung-und-flucht.isl-ev.de/en/#organization","name":"Infoseite der Interessenvertretung Selbstbestimmt Leben in Deutschland e.V.","url":"https://behinderung-und-flucht.isl-ev.de/en/","logo":{"@type":"ImageObject","inLanguage":"en-US","@id":"https://behinderung-und-flucht.isl-ev.de/en/#/schema/logo/image/","url":"https://behinderung-und-flucht.isl-ev.de/wp-content/uploads/2022/09/logo-infoseite-04.svg","contentUrl":"https://behinderung-und-flucht.isl-ev.de/wp-content/uploads/2022/09/logo-infoseite-04.svg","caption":"Infoseite der Interessenvertretung Selbstbestimmt Leben in Deutschland e.V."},"image":{"@id":"https://behinderung-und-flucht.isl-ev.de/en/#/schema/logo/image/"}}]}</script>
<!-- / Yoast SEO plugin. -->

Infoseite für geflüchtete Menschen mit Behinderungen oder chronischen Erkrankungen

Informationen für geflüchtete Menschen mit Behinderungen oder chronischen Erkrankungen

Infoseite für geflüchtete Menschen mit Behinderungen
