{"id":1848,"date":"2022-11-02T19:27:00","date_gmt":"2022-11-02T18:27:00","guid":{"rendered":"https:\/\/behinderung-und-flucht.isl-ev.de\/?page_id=1848"},"modified":"2022-11-05T20:36:04","modified_gmt":"2022-11-05T19:36:04","slug":"online-meeting-on-wednesdays","status":"publish","type":"page","link":"https:\/\/behinderung-und-flucht.isl-ev.de\/en\/selbstvertretung-2\/online-meeting-on-wednesdays\/","title":{"rendered":"Online meeting on Wednesdays"},"content":{"rendered":"\n<div class=\"wp-block-group has-white-background-color has-background\"><div class=\"wp-block-group__inner-container is-layout-constrained wp-block-group-is-layout-constrained\">\n<p>Here you can download the invitation to the weekly group on Wednesdays in Ukrainian\/Russian language for affected persons:<\/p>\n\n\n\n<div class=\"wp-block-columns is-layout-flex wp-container-core-columns-is-layout-9d6595d7 wp-block-columns-is-layout-flex\">\n<div class=\"wp-block-column is-layout-flow wp-block-column-is-layout-flow\">\n<h5 class=\"has-text-align-center wp-block-heading\">(DE)<\/h5>\n\n\n\n<div class=\"wp-block-buttons alignwide is-content-justification-center is-layout-flex wp-container-core-buttons-is-layout-16018d1d wp-block-buttons-is-layout-flex\">\n<div class=\"wp-block-button alignleft\"><a class=\"wp-block-button__link wp-element-button\" href=\"https:\/\/behinderung-und-flucht.isl-ev.de\/wp-content\/uploads\/2022\/11\/Wir-fuer-Uns-Projekt-Einladung_Deutsche-Sprache.pdf\">Einladung<\/a><\/div>\n<\/div>\n<\/div>\n\n\n\n<div class=\"wp-block-column is-layout-flow wp-block-column-is-layout-flow\">\n<h5 class=\"has-text-align-center wp-block-heading\">(UKR)<\/h5>\n\n\n\n<div class=\"wp-block-buttons alignwide is-content-justification-center is-layout-flex wp-container-core-buttons-is-layout-16018d1d wp-block-buttons-is-layout-flex\">\n<div class=\"wp-block-button alignleft\"><a class=\"wp-block-button__link wp-element-button\" href=\"https:\/\/behinderung-und-flucht.isl-ev.de\/wp-content\/uploads\/2022\/11\/Wir-fuer-Uns-Projekt-Einladung_Ukrainische-Sprache.pdf\">\u0437\u0430\u043f\u0440\u043e\u0448\u0435\u043d\u043d\u044f<\/a><\/div>\n<\/div>\n<\/div>\n\n\n\n<div class=\"wp-block-column is-layout-flow wp-block-column-is-layout-flow\">\n<h5 class=\"has-text-align-center wp-block-heading\">(RU)<\/h5>\n\n\n\n<div class=\"wp-block-buttons alignwide is-content-justification-center is-layout-flex wp-container-core-buttons-is-layout-16018d1d wp-block-buttons-is-layout-flex\">\n<div class=\"wp-block-button alignleft\"><a class=\"wp-block-button__link wp-element-button\" href=\"https:\/\/behinderung-und-flucht.isl-ev.de\/wp-content\/uploads\/2022\/11\/Wir-fuer-Uns-Projekt-Einladung_Russische-Sprache.pdf\">\u043f\u0440\u0438\u0433\u043b\u0430\u0448\u0435\u043d\u0438\u044f<\/a><\/div>\n<\/div>\n<\/div>\n<\/div>\n<\/div><\/div>\n\n\n<div style=\"gap: 20px;\" class=\"align-button-left ub-buttons orientation-button-row 1 wp-block-ub-button\" id=\"ub-button-b7879aa4-4eea-4c49-a88b-c946a7c23d45\"><div class=\"ub-button-container\">\n\t\t\t<a href=\"https:\/\/forms.office.com\/pages\/responsepage.aspx?id=DQSIkWdsW0yxEjajBLZtrQAAAAAAAAAAAANAAT5FdTFUMDhLTDdGU0lGVFVEUzRTNENSTE9aSFUxQy4u\" target=\"_blank\" rel=\"noopener noreferrer  \" class=\"ub-button-block-main ub-button-medium   ub-button-flex-medium\" role=\"button\" style=\"--ub-button-background-color: transparent; --ub-button-color: #91025b; --ub-button-border: 3px solid #91025b; --ub-button-hover-color: #313131; --ub-button-hover-border: 3px solid #313131; border-radius: 41px; \">\n\t\t\t\t<div class=\"ub-button-content-holder\" style=\"flex-direction: row\">\n\t\t\t\t\t<span class=\"ub-button-block-btn\">Register Here!<\/span>\n\t\t\t\t<\/div>\n\t\t\t<\/a>\n\t\t<\/div><\/div>","protected":false},"excerpt":{"rendered":"<p>Here you can download the invitation to the weekly group on Wednesdays in Ukrainian\/Russian language for affected persons: (DE) (UKR) (RU)<\/p>\n","protected":false},"author":1,"featured_media":0,"parent":1385,"menu_order":0,"comment_status":"closed","ping_status":"closed","template":"","meta":{"ub_ctt_via":"","inline_featured_image":false,"_themeisle_gutenberg_block_has_review":false,"_mc_calendar":[],"footnotes":""},"categories":[],"tags":[],"class_list":["post-1848","page","type-page","status-publish","hentry","entry"],"featured_image_src":null,"yoast_head":"<!-- This site is optimized with the Yoast SEO plugin v21.4 - https:\/\/yoast.com\/wordpress\/plugins\/seo\/ -->\n<title>Online meeting on Wednesdays - Infoseite der Interessenvertretung Selbstbestimmt Leben in Deutschland e.V.<\/title>\n<meta name=\"robots\" content=\"index, follow, max-snippet:-1, max-image-preview:large, max-video-preview:-1\" \/>\n<link rel=\"canonical\" href=\"https:\/\/behinderung-und-flucht.isl-ev.de\/en\/selbstvertretung-2\/online-meeting-on-wednesdays\/\" \/>\n<meta property=\"og:locale\" content=\"en_US\" \/>\n<meta property=\"og:type\" content=\"article\" \/>\n<meta property=\"og:title\" content=\"Online meeting on Wednesdays - Infoseite der Interessenvertretung Selbstbestimmt Leben in Deutschland e.V.\" \/>\n<meta property=\"og:description\" content=\"Here you can download the invitation to the weekly group on Wednesdays in Ukrainian\/Russian language for affected persons: (DE) (UKR) (RU)\" \/>\n<meta property=\"og:url\" content=\"https:\/\/behinderung-und-flucht.isl-ev.de\/en\/selbstvertretung-2\/online-meeting-on-wednesdays\/\" \/>\n<meta property=\"og:site_name\" content=\"Infoseite der Interessenvertretung Selbstbestimmt Leben in Deutschland e.V.\" \/>\n<meta property=\"article:modified_time\" content=\"2022-11-05T19:36:04+00:00\" \/>\n<meta name=\"twitter:card\" content=\"summary_large_image\" \/>\n<meta name=\"twitter:label1\" content=\"Est. reading time\" \/>\n\t<meta name=\"twitter:data1\" content=\"1 minute\" \/>\n<script type=\"application\/ld+json\" class=\"yoast-schema-graph\">{\"@context\":\"https:\/\/schema.org\",\"@graph\":[{\"@type\":\"WebPage\",\"@id\":\"https:\/\/behinderung-und-flucht.isl-ev.de\/en\/selbstvertretung-2\/online-meeting-on-wednesdays\/\",\"url\":\"https:\/\/behinderung-und-flucht.isl-ev.de\/en\/selbstvertretung-2\/online-meeting-on-wednesdays\/\",\"name\":\"Online meeting on Wednesdays - Infoseite der Interessenvertretung Selbstbestimmt Leben in Deutschland e.V.\",\"isPartOf\":{\"@id\":\"https:\/\/behinderung-und-flucht.isl-ev.de\/en\/#website\"},\"datePublished\":\"2022-11-02T18:27:00+00:00\",\"dateModified\":\"2022-11-05T19:36:04+00:00\",\"breadcrumb\":{\"@id\":\"https:\/\/behinderung-und-flucht.isl-ev.de\/en\/selbstvertretung-2\/online-meeting-on-wednesdays\/#breadcrumb\"},\"inLanguage\":\"en-US\",\"potentialAction\":[{\"@type\":\"ReadAction\",\"target\":[\"https:\/\/behinderung-und-flucht.isl-ev.de\/en\/selbstvertretung-2\/online-meeting-on-wednesdays\/\"]}]},{\"@type\":\"BreadcrumbList\",\"@id\":\"https:\/\/behinderung-und-flucht.isl-ev.de\/en\/selbstvertretung-2\/online-meeting-on-wednesdays\/#breadcrumb\",\"itemListElement\":[{\"@type\":\"ListItem\",\"position\":1,\"name\":\"Startseite\",\"item\":\"https:\/\/behinderung-und-flucht.isl-ev.de\/en\/\"},{\"@type\":\"ListItem\",\"position\":2,\"name\":\"Self-representation\",\"item\":\"https:\/\/behinderung-und-flucht.isl-ev.de\/en\/selbstvertretung-2\/\"},{\"@type\":\"ListItem\",\"position\":3,\"name\":\"Online meeting on Wednesdays\"}]},{\"@type\":\"WebSite\",\"@id\":\"https:\/\/behinderung-und-flucht.isl-ev.de\/en\/#website\",\"url\":\"https:\/\/behinderung-und-flucht.isl-ev.de\/en\/\",\"name\":\"Infoseite f\u00fcr gefl\u00fcchtete Menschen mit Behinderungen oder chronischen Erkrankungen\",\"description\":\"Informationen f\u00fcr gefl\u00fcchtete Menschen mit Behinderungen oder chronischen Erkrankungen\",\"publisher\":{\"@id\":\"https:\/\/behinderung-und-flucht.isl-ev.de\/en\/#organization\"},\"alternateName\":\"Infoseite f\u00fcr gefl\u00fcchtete Menschen mit Behinderungen\",\"potentialAction\":[{\"@type\":\"SearchAction\",\"target\":{\"@type\":\"EntryPoint\",\"urlTemplate\":\"https:\/\/behinderung-und-flucht.isl-ev.de\/en\/?s={search_term_string}\"},\"query-input\":\"required name=search_term_string\"}],\"inLanguage\":\"en-US\"},{\"@type\":\"Organization\",\"@id\":\"https:\/\/behinderung-und-flucht.isl-ev.de\/en\/#organization\",\"name\":\"Infoseite der Interessenvertretung Selbstbestimmt Leben in Deutschland e.V.\",\"url\":\"https:\/\/behinderung-und-flucht.isl-ev.de\/en\/\",\"logo\":{\"@type\":\"ImageObject\",\"inLanguage\":\"en-US\",\"@id\":\"https:\/\/behinderung-und-flucht.isl-ev.de\/en\/#\/schema\/logo\/image\/\",\"url\":\"https:\/\/behinderung-und-flucht.isl-ev.de\/wp-content\/uploads\/2022\/09\/logo-infoseite-04.svg\",\"contentUrl\":\"https:\/\/behinderung-und-flucht.isl-ev.de\/wp-content\/uploads\/2022\/09\/logo-infoseite-04.svg\",\"caption\":\"Infoseite der Interessenvertretung Selbstbestimmt Leben in Deutschland e.V.\"},\"image\":{\"@id\":\"https:\/\/behinderung-und-flucht.isl-ev.de\/en\/#\/schema\/logo\/image\/\"}}]}<\/script>\n<!-- \/ Yoast SEO plugin. -->","yoast_head_json":{"title":"Online meeting on Wednesdays - Infoseite der Interessenvertretung Selbstbestimmt Leben in Deutschland e.V.","robots":{"index":"index","follow":"follow","max-snippet":"max-snippet:-1","max-image-preview":"max-image-preview:large","max-video-preview":"max-video-preview:-1"},"canonical":"https:\/\/behinderung-und-flucht.isl-ev.de\/en\/selbstvertretung-2\/online-meeting-on-wednesdays\/","og_locale":"en_US","og_type":"article","og_title":"Online meeting on Wednesdays - Infoseite der Interessenvertretung Selbstbestimmt Leben in Deutschland e.V.","og_description":"Here you can download the invitation to the weekly group on Wednesdays in Ukrainian\/Russian language for affected persons: (DE) (UKR) (RU)","og_url":"https:\/\/behinderung-und-flucht.isl-ev.de\/en\/selbstvertretung-2\/online-meeting-on-wednesdays\/","og_site_name":"Infoseite der Interessenvertretung Selbstbestimmt Leben in Deutschland e.V.","article_modified_time":"2022-11-05T19:36:04+00:00","twitter_card":"summary_large_image","twitter_misc":{"Est. reading time":"1 minute"},"schema":{"@context":"https:\/\/schema.org","@graph":[{"@type":"WebPage","@id":"https:\/\/behinderung-und-flucht.isl-ev.de\/en\/selbstvertretung-2\/online-meeting-on-wednesdays\/","url":"https:\/\/behinderung-und-flucht.isl-ev.de\/en\/selbstvertretung-2\/online-meeting-on-wednesdays\/","name":"Online meeting on Wednesdays - Infoseite der Interessenvertretung Selbstbestimmt Leben in Deutschland e.V.","isPartOf":{"@id":"https:\/\/behinderung-und-flucht.isl-ev.de\/en\/#website"},"datePublished":"2022-11-02T18:27:00+00:00","dateModified":"2022-11-05T19:36:04+00:00","breadcrumb":{"@id":"https:\/\/behinderung-und-flucht.isl-ev.de\/en\/selbstvertretung-2\/online-meeting-on-wednesdays\/#breadcrumb"},"inLanguage":"en-US","potentialAction":[{"@type":"ReadAction","target":["https:\/\/behinderung-und-flucht.isl-ev.de\/en\/selbstvertretung-2\/online-meeting-on-wednesdays\/"]}]},{"@type":"BreadcrumbList","@id":"https:\/\/behinderung-und-flucht.isl-ev.de\/en\/selbstvertretung-2\/online-meeting-on-wednesdays\/#breadcrumb","itemListElement":[{"@type":"ListItem","position":1,"name":"Startseite","item":"https:\/\/behinderung-und-flucht.isl-ev.de\/en\/"},{"@type":"ListItem","position":2,"name":"Self-representation","item":"https:\/\/behinderung-und-flucht.isl-ev.de\/en\/selbstvertretung-2\/"},{"@type":"ListItem","position":3,"name":"Online meeting on Wednesdays"}]},{"@type":"WebSite","@id":"https:\/\/behinderung-und-flucht.isl-ev.de\/en\/#website","url":"https:\/\/behinderung-und-flucht.isl-ev.de\/en\/","name":"Infoseite f\u00fcr gefl\u00fcchtete Menschen mit Behinderungen oder chronischen Erkrankungen","description":"Informationen f\u00fcr gefl\u00fcchtete Menschen mit Behinderungen oder chronischen Erkrankungen","publisher":{"@id":"https:\/\/behinderung-und-flucht.isl-ev.de\/en\/#organization"},"alternateName":"Infoseite f\u00fcr gefl\u00fcchtete Menschen mit Behinderungen","potentialAction":[{"@type":"SearchAction","target":{"@type":"EntryPoint","urlTemplate":"https:\/\/behinderung-und-flucht.isl-ev.de\/en\/?s={search_term_string}"},"query-input":"required name=search_term_string"}],"inLanguage":"en-US"},{"@type":"Organization","@id":"https:\/\/behinderung-und-flucht.isl-ev.de\/en\/#organization","name":"Infoseite der Interessenvertretung Selbstbestimmt Leben in Deutschland e.V.","url":"https:\/\/behinderung-und-flucht.isl-ev.de\/en\/","logo":{"@type":"ImageObject","inLanguage":"en-US","@id":"https:\/\/behinderung-und-flucht.isl-ev.de\/en\/#\/schema\/logo\/image\/","url":"https:\/\/behinderung-und-flucht.isl-ev.de\/wp-content\/uploads\/2022\/09\/logo-infoseite-04.svg","contentUrl":"https:\/\/behinderung-und-flucht.isl-ev.de\/wp-content\/uploads\/2022\/09\/logo-infoseite-04.svg","caption":"Infoseite der Interessenvertretung Selbstbestimmt Leben in Deutschland e.V."},"image":{"@id":"https:\/\/behinderung-und-flucht.isl-ev.de\/en\/#\/schema\/logo\/image\/"}}]}},"_links":{"self":[{"href":"https:\/\/behinderung-und-flucht.isl-ev.de\/en\/wp-json\/wp\/v2\/pages\/1848","targetHints":{"allow":["GET"]}}],"collection":[{"href":"https:\/\/behinderung-und-flucht.isl-ev.de\/en\/wp-json\/wp\/v2\/pages"}],"about":[{"href":"https:\/\/behinderung-und-flucht.isl-ev.de\/en\/wp-json\/wp\/v2\/types\/page"}],"author":[{"embeddable":true,"href":"https:\/\/behinderung-und-flucht.isl-ev.de\/en\/wp-json\/wp\/v2\/users\/1"}],"replies":[{"embeddable":true,"href":"https:\/\/behinderung-und-flucht.isl-ev.de\/en\/wp-json\/wp\/v2\/comments?post=1848"}],"version-history":[{"count":4,"href":"https:\/\/behinderung-und-flucht.isl-ev.de\/en\/wp-json\/wp\/v2\/pages\/1848\/revisions"}],"predecessor-version":[{"id":1986,"href":"https:\/\/behinderung-und-flucht.isl-ev.de\/en\/wp-json\/wp\/v2\/pages\/1848\/revisions\/1986"}],"up":[{"embeddable":true,"href":"https:\/\/behinderung-und-flucht.isl-ev.de\/en\/wp-json\/wp\/v2\/pages\/1385"}],"wp:attachment":[{"href":"https:\/\/behinderung-und-flucht.isl-ev.de\/en\/wp-json\/wp\/v2\/media?parent=1848"}],"wp:term":[{"taxonomy":"category","embeddable":true,"href":"https:\/\/behinderung-und-flucht.isl-ev.de\/en\/wp-json\/wp\/v2\/categories?post=1848"},{"taxonomy":"post_tag","embeddable":true,"href":"https:\/\/behinderung-und-flucht.isl-ev.de\/en\/wp-json\/wp\/v2\/tags?post=1848"}],"curies":[{"name":"wp","href":"https:\/\/api.w.org\/{rel}","templated":true}]}}

<div class="wp-block-group has-white-background-color has-background"><div class="wp-block-group__inner-container is-layout-constrained wp-block-group-is-layout-constrained">
<p>Here you can download the invitation to the weekly group on Wednesdays in Ukrainian/Russian language for affected persons:</p>



<div class="wp-block-columns is-layout-flex wp-container-core-columns-is-layout-9d6595d7 wp-block-columns-is-layout-flex">
<div class="wp-block-column is-layout-flow wp-block-column-is-layout-flow">
<h5 class="has-text-align-center wp-block-heading">(DE)</h5>



<div class="wp-block-buttons alignwide is-content-justification-center is-layout-flex wp-container-core-buttons-is-layout-16018d1d wp-block-buttons-is-layout-flex">
<div class="wp-block-button alignleft"><a class="wp-block-button__link wp-element-button" href="https://behinderung-und-flucht.isl-ev.de/wp-content/uploads/2022/11/Wir-fuer-Uns-Projekt-Einladung_Deutsche-Sprache.pdf">Einladung</a></div>
</div>
</div>



<div class="wp-block-column is-layout-flow wp-block-column-is-layout-flow">
<h5 class="has-text-align-center wp-block-heading">(UKR)</h5>



<div class="wp-block-buttons alignwide is-content-justification-center is-layout-flex wp-container-core-buttons-is-layout-16018d1d wp-block-buttons-is-layout-flex">
<div class="wp-block-button alignleft"><a class="wp-block-button__link wp-element-button" href="https://behinderung-und-flucht.isl-ev.de/wp-content/uploads/2022/11/Wir-fuer-Uns-Projekt-Einladung_Ukrainische-Sprache.pdf">запрошення</a></div>
</div>
</div>



<div class="wp-block-column is-layout-flow wp-block-column-is-layout-flow">
<h5 class="has-text-align-center wp-block-heading">(RU)</h5>



<div class="wp-block-buttons alignwide is-content-justification-center is-layout-flex wp-container-core-buttons-is-layout-16018d1d wp-block-buttons-is-layout-flex">
<div class="wp-block-button alignleft"><a class="wp-block-button__link wp-element-button" href="https://behinderung-und-flucht.isl-ev.de/wp-content/uploads/2022/11/Wir-fuer-Uns-Projekt-Einladung_Russische-Sprache.pdf">приглашения</a></div>
</div>
</div>
</div>
</div></div>


<div style="gap: 20px;" class="align-button-left ub-buttons orientation-button-row 1 wp-block-ub-button" id="ub-button-b7879aa4-4eea-4c49-a88b-c946a7c23d45"><div class="ub-button-container">
			<a href="https://forms.office.com/pages/responsepage.aspx?id=DQSIkWdsW0yxEjajBLZtrQAAAAAAAAAAAANAAT5FdTFUMDhLTDdGU0lGVFVEUzRTNENSTE9aSFUxQy4u" target="_blank" rel="noopener noreferrer  " class="ub-button-block-main ub-button-medium   ub-button-flex-medium" role="button" style="--ub-button-background-color: transparent; --ub-button-color: #91025b; --ub-button-border: 3px solid #91025b; --ub-button-hover-color: #313131; --ub-button-hover-border: 3px solid #313131; border-radius: 41px; ">
				<div class="ub-button-content-holder" style="flex-direction: row">
					<span class="ub-button-block-btn">Register Here!</span>
				</div>
			</a>
		</div></div>

<!-- This site is optimized with the Yoast SEO plugin v21.4 - https://yoast.com/wordpress/plugins/seo/ -->
<title>Online meeting on Wednesdays - Infoseite der Interessenvertretung Selbstbestimmt Leben in Deutschland e.V.</title>
<meta name="robots" content="index, follow, max-snippet:-1, max-image-preview:large, max-video-preview:-1" />
<link rel="canonical" href="https://behinderung-und-flucht.isl-ev.de/en/selbstvertretung-2/online-meeting-on-wednesdays/" />
<meta property="og:locale" content="en_US" />
<meta property="og:type" content="article" />
<meta property="og:title" content="Online meeting on Wednesdays - Infoseite der Interessenvertretung Selbstbestimmt Leben in Deutschland e.V." />
<meta property="og:description" content="Here you can download the invitation to the weekly group on Wednesdays in Ukrainian/Russian language for affected persons: (DE) (UKR) (RU)" />
<meta property="og:url" content="https://behinderung-und-flucht.isl-ev.de/en/selbstvertretung-2/online-meeting-on-wednesdays/" />
<meta property="og:site_name" content="Infoseite der Interessenvertretung Selbstbestimmt Leben in Deutschland e.V." />
<meta property="article:modified_time" content="2022-11-05T19:36:04+00:00" />
<meta name="twitter:card" content="summary_large_image" />
<meta name="twitter:label1" content="Est. reading time" />
	<meta name="twitter:data1" content="1 minute" />
<script type="application/ld+json" class="yoast-schema-graph">{"@context":"https://schema.org","@graph":[{"@type":"WebPage","@id":"https://behinderung-und-flucht.isl-ev.de/en/selbstvertretung-2/online-meeting-on-wednesdays/","url":"https://behinderung-und-flucht.isl-ev.de/en/selbstvertretung-2/online-meeting-on-wednesdays/","name":"Online meeting on Wednesdays - Infoseite der Interessenvertretung Selbstbestimmt Leben in Deutschland e.V.","isPartOf":{"@id":"https://behinderung-und-flucht.isl-ev.de/en/#website"},"datePublished":"2022-11-02T18:27:00+00:00","dateModified":"2022-11-05T19:36:04+00:00","breadcrumb":{"@id":"https://behinderung-und-flucht.isl-ev.de/en/selbstvertretung-2/online-meeting-on-wednesdays/#breadcrumb"},"inLanguage":"en-US","potentialAction":[{"@type":"ReadAction","target":["https://behinderung-und-flucht.isl-ev.de/en/selbstvertretung-2/online-meeting-on-wednesdays/"]}]},{"@type":"BreadcrumbList","@id":"https://behinderung-und-flucht.isl-ev.de/en/selbstvertretung-2/online-meeting-on-wednesdays/#breadcrumb","itemListElement":[{"@type":"ListItem","position":1,"name":"Startseite","item":"https://behinderung-und-flucht.isl-ev.de/en/"},{"@type":"ListItem","position":2,"name":"Self-representation","item":"https://behinderung-und-flucht.isl-ev.de/en/selbstvertretung-2/"},{"@type":"ListItem","position":3,"name":"Online meeting on Wednesdays"}]},{"@type":"WebSite","@id":"https://behinderung-und-flucht.isl-ev.de/en/#website","url":"https://behinderung-und-flucht.isl-ev.de/en/","name":"Infoseite für geflüchtete Menschen mit Behinderungen oder chronischen Erkrankungen","description":"Informationen für geflüchtete Menschen mit Behinderungen oder chronischen Erkrankungen","publisher":{"@id":"https://behinderung-und-flucht.isl-ev.de/en/#organization"},"alternateName":"Infoseite für geflüchtete Menschen mit Behinderungen","potentialAction":[{"@type":"SearchAction","target":{"@type":"EntryPoint","urlTemplate":"https://behinderung-und-flucht.isl-ev.de/en/?s={search_term_string}"},"query-input":"required name=search_term_string"}],"inLanguage":"en-US"},{"@type":"Organization","@id":"https://behinderung-und-flucht.isl-ev.de/en/#organization","name":"Infoseite der Interessenvertretung Selbstbestimmt Leben in Deutschland e.V.","url":"https://behinderung-und-flucht.isl-ev.de/en/","logo":{"@type":"ImageObject","inLanguage":"en-US","@id":"https://behinderung-und-flucht.isl-ev.de/en/#/schema/logo/image/","url":"https://behinderung-und-flucht.isl-ev.de/wp-content/uploads/2022/09/logo-infoseite-04.svg","contentUrl":"https://behinderung-und-flucht.isl-ev.de/wp-content/uploads/2022/09/logo-infoseite-04.svg","caption":"Infoseite der Interessenvertretung Selbstbestimmt Leben in Deutschland e.V."},"image":{"@id":"https://behinderung-und-flucht.isl-ev.de/en/#/schema/logo/image/"}}]}</script>
<!-- / Yoast SEO plugin. -->

Infoseite für geflüchtete Menschen mit Behinderungen oder chronischen Erkrankungen

Informationen für geflüchtete Menschen mit Behinderungen oder chronischen Erkrankungen

Infoseite für geflüchtete Menschen mit Behinderungen
