{"id":1069,"date":"2022-08-31T11:46:43","date_gmt":"2022-08-31T09:46:43","guid":{"rendered":"https:\/\/infoseite.lmente.de\/?page_id=1069"},"modified":"2023-03-06T22:44:50","modified_gmt":"2023-03-06T21:44:50","slug":"deutscher-blinden-und-sehbehindertenverband-en","status":"publish","type":"page","link":"https:\/\/behinderung-und-flucht.isl-ev.de\/en\/deutscher-blinden-und-sehbehindertenverband-en\/","title":{"rendered":"German Association for the Blind and Visually Impaired"},"content":{"rendered":"\n<p>Website:   <a href=\"https:\/\/www.dbsv.org\/dbsv-in-english.html\">https:\/\/www.dbsv.org\/dbsv-in-english.html<\/a><\/p>\n\n\n\n<h2 class=\"wp-block-heading\">Help for blind and visually impaired Ukraine refugees<\/h2>\n\n\n\n<p>If you are blind or partially sighted, you can contact us, we have support! If you know someone who is blind or partially sighted, please pass this information along.<\/p>\n\n\n\n<h2 class=\"wp-block-heading\">Online meeting for blind and visually impaired refugees from Ukraine<\/h2>\n\n\n\n<p>DBSV invites visually impaired refugees from Ukraine and their families to virtual meetings on Zoom. In the meetings, the participants can get to know each other and exchange ideas; they receive information about their stay in Germany and can formulate their needs and wishes to the DBSV.<\/p>\n\n\n\n<h2 class=\"wp-block-heading\">German courses for blind and visually impaired people from Ukraine<\/h2>\n\n\n\n<p>The DBSV organizes online German courses for people from Ukraine. These take place once or several times a week in groups on Zoom.<\/p>\n\n\n\n<p>Questions and registration with Elena Levina: E-Mail:\u00a0<a href=\"mailto:e.levina@dbsv.org\">e.levina@dbsv.org<\/a>\u00a0or Tel. 030 \u2013 28 53 87-174<\/p>\n\n\n\n<figure class=\"wp-block-pullquote\"><blockquote><p>Information for refugees from Ukraine<\/p><cite><a href=\"https:\/\/www.dbsv.org\/infos-fuer-gefluechtete-aus-der-ukraine.html\">https:\/\/www.dbsv.org\/infos-fuer-gefluechtete-aus-der-ukraine.html<\/a><\/cite><\/blockquote><\/figure>\n","protected":false},"excerpt":{"rendered":"<p>Website: https:\/\/www.dbsv.org\/dbsv-in-english.html Help for blind and visually impaired Ukraine refugees If you are blind or partially sighted, you can contact us, we have support! If you know someone who is blind or partially sighted, please pass this information along. Online meeting for blind and visually impaired refugees from Ukraine DBSV invites visually impaired refugees from&hellip; <a class=\"more-link\" href=\"https:\/\/behinderung-und-flucht.isl-ev.de\/en\/deutscher-blinden-und-sehbehindertenverband-en\/\">Continue reading <span class=\"screen-reader-text\">German Association for the Blind and Visually Impaired<\/span><\/a><\/p>\n","protected":false},"author":1,"featured_media":0,"parent":0,"menu_order":97,"comment_status":"closed","ping_status":"closed","template":"","meta":{"ub_ctt_via":"","inline_featured_image":false,"_themeisle_gutenberg_block_has_review":false,"_mc_calendar":[],"footnotes":""},"categories":[],"tags":[],"class_list":["post-1069","page","type-page","status-publish","hentry","entry"],"featured_image_src":null,"yoast_head":"<!-- This site is optimized with the Yoast SEO plugin v21.4 - https:\/\/yoast.com\/wordpress\/plugins\/seo\/ -->\n<title>German Association for the Blind and Visually Impaired - Infoseite der Interessenvertretung Selbstbestimmt Leben in Deutschland e.V.<\/title>\n<meta name=\"robots\" content=\"index, follow, max-snippet:-1, max-image-preview:large, max-video-preview:-1\" \/>\n<link rel=\"canonical\" href=\"https:\/\/behinderung-und-flucht.isl-ev.de\/en\/deutscher-blinden-und-sehbehindertenverband-en\/\" \/>\n<meta property=\"og:locale\" content=\"en_US\" \/>\n<meta property=\"og:type\" content=\"article\" \/>\n<meta property=\"og:title\" content=\"German Association for the Blind and Visually Impaired - Infoseite der Interessenvertretung Selbstbestimmt Leben in Deutschland e.V.\" \/>\n<meta property=\"og:description\" content=\"Website: https:\/\/www.dbsv.org\/dbsv-in-english.html Help for blind and visually impaired Ukraine refugees If you are blind or partially sighted, you can contact us, we have support! If you know someone who is blind or partially sighted, please pass this information along. Online meeting for blind and visually impaired refugees from Ukraine DBSV invites visually impaired refugees from&hellip; Continue reading German Association for the Blind and Visually Impaired\" \/>\n<meta property=\"og:url\" content=\"https:\/\/behinderung-und-flucht.isl-ev.de\/en\/deutscher-blinden-und-sehbehindertenverband-en\/\" \/>\n<meta property=\"og:site_name\" content=\"Infoseite der Interessenvertretung Selbstbestimmt Leben in Deutschland e.V.\" \/>\n<meta property=\"article:modified_time\" content=\"2023-03-06T21:44:50+00:00\" \/>\n<meta name=\"twitter:card\" content=\"summary_large_image\" \/>\n<meta name=\"twitter:label1\" content=\"Est. reading time\" \/>\n\t<meta name=\"twitter:data1\" content=\"1 minute\" \/>\n<script type=\"application\/ld+json\" class=\"yoast-schema-graph\">{\"@context\":\"https:\/\/schema.org\",\"@graph\":[{\"@type\":\"WebPage\",\"@id\":\"https:\/\/behinderung-und-flucht.isl-ev.de\/en\/deutscher-blinden-und-sehbehindertenverband-en\/\",\"url\":\"https:\/\/behinderung-und-flucht.isl-ev.de\/en\/deutscher-blinden-und-sehbehindertenverband-en\/\",\"name\":\"German Association for the Blind and Visually Impaired - Infoseite der Interessenvertretung Selbstbestimmt Leben in Deutschland e.V.\",\"isPartOf\":{\"@id\":\"https:\/\/behinderung-und-flucht.isl-ev.de\/en\/#website\"},\"datePublished\":\"2022-08-31T09:46:43+00:00\",\"dateModified\":\"2023-03-06T21:44:50+00:00\",\"breadcrumb\":{\"@id\":\"https:\/\/behinderung-und-flucht.isl-ev.de\/en\/deutscher-blinden-und-sehbehindertenverband-en\/#breadcrumb\"},\"inLanguage\":\"en-US\",\"potentialAction\":[{\"@type\":\"ReadAction\",\"target\":[\"https:\/\/behinderung-und-flucht.isl-ev.de\/en\/deutscher-blinden-und-sehbehindertenverband-en\/\"]}]},{\"@type\":\"BreadcrumbList\",\"@id\":\"https:\/\/behinderung-und-flucht.isl-ev.de\/en\/deutscher-blinden-und-sehbehindertenverband-en\/#breadcrumb\",\"itemListElement\":[{\"@type\":\"ListItem\",\"position\":1,\"name\":\"Startseite\",\"item\":\"https:\/\/behinderung-und-flucht.isl-ev.de\/en\/\"},{\"@type\":\"ListItem\",\"position\":2,\"name\":\"German Association for the Blind and Visually Impaired\"}]},{\"@type\":\"WebSite\",\"@id\":\"https:\/\/behinderung-und-flucht.isl-ev.de\/en\/#website\",\"url\":\"https:\/\/behinderung-und-flucht.isl-ev.de\/en\/\",\"name\":\"Infoseite f\u00fcr gefl\u00fcchtete Menschen mit Behinderungen oder chronischen Erkrankungen\",\"description\":\"Informationen f\u00fcr gefl\u00fcchtete Menschen mit Behinderungen oder chronischen Erkrankungen\",\"publisher\":{\"@id\":\"https:\/\/behinderung-und-flucht.isl-ev.de\/en\/#organization\"},\"alternateName\":\"Infoseite f\u00fcr gefl\u00fcchtete Menschen mit Behinderungen\",\"potentialAction\":[{\"@type\":\"SearchAction\",\"target\":{\"@type\":\"EntryPoint\",\"urlTemplate\":\"https:\/\/behinderung-und-flucht.isl-ev.de\/en\/?s={search_term_string}\"},\"query-input\":\"required name=search_term_string\"}],\"inLanguage\":\"en-US\"},{\"@type\":\"Organization\",\"@id\":\"https:\/\/behinderung-und-flucht.isl-ev.de\/en\/#organization\",\"name\":\"Infoseite der Interessenvertretung Selbstbestimmt Leben in Deutschland e.V.\",\"url\":\"https:\/\/behinderung-und-flucht.isl-ev.de\/en\/\",\"logo\":{\"@type\":\"ImageObject\",\"inLanguage\":\"en-US\",\"@id\":\"https:\/\/behinderung-und-flucht.isl-ev.de\/en\/#\/schema\/logo\/image\/\",\"url\":\"https:\/\/behinderung-und-flucht.isl-ev.de\/wp-content\/uploads\/2022\/09\/logo-infoseite-04.svg\",\"contentUrl\":\"https:\/\/behinderung-und-flucht.isl-ev.de\/wp-content\/uploads\/2022\/09\/logo-infoseite-04.svg\",\"caption\":\"Infoseite der Interessenvertretung Selbstbestimmt Leben in Deutschland e.V.\"},\"image\":{\"@id\":\"https:\/\/behinderung-und-flucht.isl-ev.de\/en\/#\/schema\/logo\/image\/\"}}]}<\/script>\n<!-- \/ Yoast SEO plugin. -->","yoast_head_json":{"title":"German Association for the Blind and Visually Impaired - Infoseite der Interessenvertretung Selbstbestimmt Leben in Deutschland e.V.","robots":{"index":"index","follow":"follow","max-snippet":"max-snippet:-1","max-image-preview":"max-image-preview:large","max-video-preview":"max-video-preview:-1"},"canonical":"https:\/\/behinderung-und-flucht.isl-ev.de\/en\/deutscher-blinden-und-sehbehindertenverband-en\/","og_locale":"en_US","og_type":"article","og_title":"German Association for the Blind and Visually Impaired - Infoseite der Interessenvertretung Selbstbestimmt Leben in Deutschland e.V.","og_description":"Website: https:\/\/www.dbsv.org\/dbsv-in-english.html Help for blind and visually impaired Ukraine refugees If you are blind or partially sighted, you can contact us, we have support! If you know someone who is blind or partially sighted, please pass this information along. Online meeting for blind and visually impaired refugees from Ukraine DBSV invites visually impaired refugees from&hellip; Continue reading German Association for the Blind and Visually Impaired","og_url":"https:\/\/behinderung-und-flucht.isl-ev.de\/en\/deutscher-blinden-und-sehbehindertenverband-en\/","og_site_name":"Infoseite der Interessenvertretung Selbstbestimmt Leben in Deutschland e.V.","article_modified_time":"2023-03-06T21:44:50+00:00","twitter_card":"summary_large_image","twitter_misc":{"Est. reading time":"1 minute"},"schema":{"@context":"https:\/\/schema.org","@graph":[{"@type":"WebPage","@id":"https:\/\/behinderung-und-flucht.isl-ev.de\/en\/deutscher-blinden-und-sehbehindertenverband-en\/","url":"https:\/\/behinderung-und-flucht.isl-ev.de\/en\/deutscher-blinden-und-sehbehindertenverband-en\/","name":"German Association for the Blind and Visually Impaired - Infoseite der Interessenvertretung Selbstbestimmt Leben in Deutschland e.V.","isPartOf":{"@id":"https:\/\/behinderung-und-flucht.isl-ev.de\/en\/#website"},"datePublished":"2022-08-31T09:46:43+00:00","dateModified":"2023-03-06T21:44:50+00:00","breadcrumb":{"@id":"https:\/\/behinderung-und-flucht.isl-ev.de\/en\/deutscher-blinden-und-sehbehindertenverband-en\/#breadcrumb"},"inLanguage":"en-US","potentialAction":[{"@type":"ReadAction","target":["https:\/\/behinderung-und-flucht.isl-ev.de\/en\/deutscher-blinden-und-sehbehindertenverband-en\/"]}]},{"@type":"BreadcrumbList","@id":"https:\/\/behinderung-und-flucht.isl-ev.de\/en\/deutscher-blinden-und-sehbehindertenverband-en\/#breadcrumb","itemListElement":[{"@type":"ListItem","position":1,"name":"Startseite","item":"https:\/\/behinderung-und-flucht.isl-ev.de\/en\/"},{"@type":"ListItem","position":2,"name":"German Association for the Blind and Visually Impaired"}]},{"@type":"WebSite","@id":"https:\/\/behinderung-und-flucht.isl-ev.de\/en\/#website","url":"https:\/\/behinderung-und-flucht.isl-ev.de\/en\/","name":"Infoseite f\u00fcr gefl\u00fcchtete Menschen mit Behinderungen oder chronischen Erkrankungen","description":"Informationen f\u00fcr gefl\u00fcchtete Menschen mit Behinderungen oder chronischen Erkrankungen","publisher":{"@id":"https:\/\/behinderung-und-flucht.isl-ev.de\/en\/#organization"},"alternateName":"Infoseite f\u00fcr gefl\u00fcchtete Menschen mit Behinderungen","potentialAction":[{"@type":"SearchAction","target":{"@type":"EntryPoint","urlTemplate":"https:\/\/behinderung-und-flucht.isl-ev.de\/en\/?s={search_term_string}"},"query-input":"required name=search_term_string"}],"inLanguage":"en-US"},{"@type":"Organization","@id":"https:\/\/behinderung-und-flucht.isl-ev.de\/en\/#organization","name":"Infoseite der Interessenvertretung Selbstbestimmt Leben in Deutschland e.V.","url":"https:\/\/behinderung-und-flucht.isl-ev.de\/en\/","logo":{"@type":"ImageObject","inLanguage":"en-US","@id":"https:\/\/behinderung-und-flucht.isl-ev.de\/en\/#\/schema\/logo\/image\/","url":"https:\/\/behinderung-und-flucht.isl-ev.de\/wp-content\/uploads\/2022\/09\/logo-infoseite-04.svg","contentUrl":"https:\/\/behinderung-und-flucht.isl-ev.de\/wp-content\/uploads\/2022\/09\/logo-infoseite-04.svg","caption":"Infoseite der Interessenvertretung Selbstbestimmt Leben in Deutschland e.V."},"image":{"@id":"https:\/\/behinderung-und-flucht.isl-ev.de\/en\/#\/schema\/logo\/image\/"}}]}},"_links":{"self":[{"href":"https:\/\/behinderung-und-flucht.isl-ev.de\/en\/wp-json\/wp\/v2\/pages\/1069","targetHints":{"allow":["GET"]}}],"collection":[{"href":"https:\/\/behinderung-und-flucht.isl-ev.de\/en\/wp-json\/wp\/v2\/pages"}],"about":[{"href":"https:\/\/behinderung-und-flucht.isl-ev.de\/en\/wp-json\/wp\/v2\/types\/page"}],"author":[{"embeddable":true,"href":"https:\/\/behinderung-und-flucht.isl-ev.de\/en\/wp-json\/wp\/v2\/users\/1"}],"replies":[{"embeddable":true,"href":"https:\/\/behinderung-und-flucht.isl-ev.de\/en\/wp-json\/wp\/v2\/comments?post=1069"}],"version-history":[{"count":3,"href":"https:\/\/behinderung-und-flucht.isl-ev.de\/en\/wp-json\/wp\/v2\/pages\/1069\/revisions"}],"predecessor-version":[{"id":1463,"href":"https:\/\/behinderung-und-flucht.isl-ev.de\/en\/wp-json\/wp\/v2\/pages\/1069\/revisions\/1463"}],"wp:attachment":[{"href":"https:\/\/behinderung-und-flucht.isl-ev.de\/en\/wp-json\/wp\/v2\/media?parent=1069"}],"wp:term":[{"taxonomy":"category","embeddable":true,"href":"https:\/\/behinderung-und-flucht.isl-ev.de\/en\/wp-json\/wp\/v2\/categories?post=1069"},{"taxonomy":"post_tag","embeddable":true,"href":"https:\/\/behinderung-und-flucht.isl-ev.de\/en\/wp-json\/wp\/v2\/tags?post=1069"}],"curies":[{"name":"wp","href":"https:\/\/api.w.org\/{rel}","templated":true}]}}

<!-- This site is optimized with the Yoast SEO plugin v21.4 - https://yoast.com/wordpress/plugins/seo/ -->
<title>German Association for the Blind and Visually Impaired - Infoseite der Interessenvertretung Selbstbestimmt Leben in Deutschland e.V.</title>
<meta name="robots" content="index, follow, max-snippet:-1, max-image-preview:large, max-video-preview:-1" />
<link rel="canonical" href="https://behinderung-und-flucht.isl-ev.de/en/deutscher-blinden-und-sehbehindertenverband-en/" />
<meta property="og:locale" content="en_US" />
<meta property="og:type" content="article" />
<meta property="og:title" content="German Association for the Blind and Visually Impaired - Infoseite der Interessenvertretung Selbstbestimmt Leben in Deutschland e.V." />
<meta property="og:description" content="Website: https://www.dbsv.org/dbsv-in-english.html Help for blind and visually impaired Ukraine refugees If you are blind or partially sighted, you can contact us, we have support! If you know someone who is blind or partially sighted, please pass this information along. Online meeting for blind and visually impaired refugees from Ukraine DBSV invites visually impaired refugees from&hellip; Continue reading German Association for the Blind and Visually Impaired" />
<meta property="og:url" content="https://behinderung-und-flucht.isl-ev.de/en/deutscher-blinden-und-sehbehindertenverband-en/" />
<meta property="og:site_name" content="Infoseite der Interessenvertretung Selbstbestimmt Leben in Deutschland e.V." />
<meta property="article:modified_time" content="2023-03-06T21:44:50+00:00" />
<meta name="twitter:card" content="summary_large_image" />
<meta name="twitter:label1" content="Est. reading time" />
	<meta name="twitter:data1" content="1 minute" />
<script type="application/ld+json" class="yoast-schema-graph">{"@context":"https://schema.org","@graph":[{"@type":"WebPage","@id":"https://behinderung-und-flucht.isl-ev.de/en/deutscher-blinden-und-sehbehindertenverband-en/","url":"https://behinderung-und-flucht.isl-ev.de/en/deutscher-blinden-und-sehbehindertenverband-en/","name":"German Association for the Blind and Visually Impaired - Infoseite der Interessenvertretung Selbstbestimmt Leben in Deutschland e.V.","isPartOf":{"@id":"https://behinderung-und-flucht.isl-ev.de/en/#website"},"datePublished":"2022-08-31T09:46:43+00:00","dateModified":"2023-03-06T21:44:50+00:00","breadcrumb":{"@id":"https://behinderung-und-flucht.isl-ev.de/en/deutscher-blinden-und-sehbehindertenverband-en/#breadcrumb"},"inLanguage":"en-US","potentialAction":[{"@type":"ReadAction","target":["https://behinderung-und-flucht.isl-ev.de/en/deutscher-blinden-und-sehbehindertenverband-en/"]}]},{"@type":"BreadcrumbList","@id":"https://behinderung-und-flucht.isl-ev.de/en/deutscher-blinden-und-sehbehindertenverband-en/#breadcrumb","itemListElement":[{"@type":"ListItem","position":1,"name":"Startseite","item":"https://behinderung-und-flucht.isl-ev.de/en/"},{"@type":"ListItem","position":2,"name":"German Association for the Blind and Visually Impaired"}]},{"@type":"WebSite","@id":"https://behinderung-und-flucht.isl-ev.de/en/#website","url":"https://behinderung-und-flucht.isl-ev.de/en/","name":"Infoseite für geflüchtete Menschen mit Behinderungen oder chronischen Erkrankungen","description":"Informationen für geflüchtete Menschen mit Behinderungen oder chronischen Erkrankungen","publisher":{"@id":"https://behinderung-und-flucht.isl-ev.de/en/#organization"},"alternateName":"Infoseite für geflüchtete Menschen mit Behinderungen","potentialAction":[{"@type":"SearchAction","target":{"@type":"EntryPoint","urlTemplate":"https://behinderung-und-flucht.isl-ev.de/en/?s={search_term_string}"},"query-input":"required name=search_term_string"}],"inLanguage":"en-US"},{"@type":"Organization","@id":"https://behinderung-und-flucht.isl-ev.de/en/#organization","name":"Infoseite der Interessenvertretung Selbstbestimmt Leben in Deutschland e.V.","url":"https://behinderung-und-flucht.isl-ev.de/en/","logo":{"@type":"ImageObject","inLanguage":"en-US","@id":"https://behinderung-und-flucht.isl-ev.de/en/#/schema/logo/image/","url":"https://behinderung-und-flucht.isl-ev.de/wp-content/uploads/2022/09/logo-infoseite-04.svg","contentUrl":"https://behinderung-und-flucht.isl-ev.de/wp-content/uploads/2022/09/logo-infoseite-04.svg","caption":"Infoseite der Interessenvertretung Selbstbestimmt Leben in Deutschland e.V."},"image":{"@id":"https://behinderung-und-flucht.isl-ev.de/en/#/schema/logo/image/"}}]}</script>
<!-- / Yoast SEO plugin. -->

Infoseite für geflüchtete Menschen mit Behinderungen oder chronischen Erkrankungen

Informationen für geflüchtete Menschen mit Behinderungen oder chronischen Erkrankungen

Infoseite für geflüchtete Menschen mit Behinderungen
